y 16.
12
Calculate the remainder when 859 is divided by 840.
19
What is the remainder when 396 is divided by 104?
84
Calculate the remainder when 811 is divided by 68.
63
Calculate the remainder when 47 is divided by 14.
5
Calculate the remainder when 292 is divided by 67.
24
Calculate the remainder when 233 is divided by 39.
38
What is the remainder when 698 is divided by 172?
10
What is the remainder when 677 is divided by 67?
7
What is the remainder when 197 is divided by 67?
63
Calculate the remainder when 117 is divided by 8.
5
What is the remainder when 187 is divided by 5?
2
Calculate the remainder when 2659 is divided by 20.
19
What is the remainder when 1035 is divided by 162?
63
Calculate the remainder when 1410 is divided by 106.
32
Calculate the remainder when 128 is divided by 65.
63
What is the remainder when 394 is divided by 42?
16
What is the remainder when 412 is divided by 23?
21
Calculate the remainder when 209 is divided by 70.
69
What is the remainder when 646 is divided by 21?
16
What is the remainder when 92 is divided by 66?
26
Calculate the remainder when 157 is divided by 117.
40
What is the remainder when 7559 is divided by 108?
107
Calculate the remainder when 1347 is divided by 50.
47
What is the remainder when 700 is divided by 39?
37
What is the remainder when 1366 is divided by 1325?
41
What is the remainder when 1939 is divided by 20?
19
What is the remainder when 1244 is divided by 78?
74
What is the remainder when 3095 is divided by 163?
161
What is the remainder when 365 is divided by 153?
59
Calculate the remainder when 1751 is divided by 25.
1
Calculate the remainder when 49 is divided by 27.
22
Calculate the remainder when 1027 is divided by 55.
37
Calculate the remainder when 7059 is divided by 10.
9
What is the remainder when 437 is divided by 214?
9
Calculate the remainder when 286 is divided by 18.
16
Calculate the remainder when 17292 is divided by 279.
273
Calculate the remainder when 4050 is divided by 193.
190
Calculate the remainder when 1295 is divided by 65.
60
What is the remainder when 86 is divided by 4?
2
Calculate the remainder when 219 is divided by 6.
3
What is the remainder when 2560 is divided by 61?
59
Calculate the remainder when 373 is divided by 162.
49
What is the remainder when 271 is divided by 8?
7
Calculate the remainder when 78 is divided by 11.
1
What is the remainder when 550 is divided by 140?
130
Calculate the remainder when 1172 is divided by 236.
228
Calculate the remainder when 376 is divided by 94.
0
What is the remainder when 394 is divided by 72?
34
Calculate the remainder when 1401 is divided by 21.
15
What is the remainder when 688 is divided by 116?
108
Calculate the remainder when 15230 is divided by 68.
66
What is the remainder when 16 is divided by 8?
0
What is the remainder when 173 is divided by 18?
11
Calculate the remainder when 144 is divided by 38.
30
What is the remainder when 246 is divided by 70?
36
Calculate the remainder when 536 is divided by 259.
18
What is the remainder when 144 is divided by 25?
19
Calculate the remainder when 243 is divided by 114.
15
Calculate the remainder when 1276 is divided by 18.
16
What is the remainder when 192 is divided by 15?
12
What is the remainder when 3 is divided by 2?
1
Calculate the remainder when 984 is divided by 23.
18
Calculate the remainder when 166 is divided by 52.
10
What is the remainder when 3667 is divided by 17?
12
Calculate the remainder when 13731 is divided by 18.
15
Calculate the remainder when 171 is divided by 78.
15
What is the remainder when 97 is divided by 29?
10
What is the remainder when 303 is divided by 168?
135
What is the remainder when 1095 is divided by 132?
39
Calculate the remainder when 315 is divided by 305.
10
What is the remainder when 57 is divided by 22?
13
Calculate the remainder when 139 is divided by 39.
22
Calculate the remainder when 388 is divided by 39.
37
Calculate the remainder when 707 is divided by 242.
223
Calculate the remainder when 1791 is divided by 39.
36
Calculate the remainder when 327 is divided by 177.
150
Calculate the remainder when 893 is divided by 31.
25
What is the remainder when 12 is divided by 11?
1
Calculate the remainder when 183 is divided by 20.
3
Calculate the remainder when 82 is divided by 35.
12
What is the remainder when 443 is divided by 7?
2
Calculate the remainder when 295 is divided by 128.
39
What is the remainder when 1014 is divided by 8?
6
What is the remainder when 424 is divided by 85?
84
Calculate the remainder when 74 is divided by 31.
12
What is the remainder when 47 is divided by 25?
22
What is the remainder when 125 is divided by 49?
27
Calculate the remainder when 93 is divided by 14.
9
What is the remainder when 194 is divided by 65?
64
What is the remainder when 315 is divided by 106?
103
What is the remainder when 279 is divided by 56?
55
What is the remainder when 580 is divided by 7?
6
What is the remainder when 7595 is divided by 29?
26
What is the remainder when 131 is divided by 11?
10
Calculate the remainder when 665 is divided by 4.
1
What is the remainder when 3791 is divided by 13?
8
What is the remainder when 357 is divided by 45?
42
Calculate the remainder when 2539 is divided by 7.
5
Calculate the remainder when 958 is divided by 24.
22
What is the remainder when 281 is divided by 97?
87
What is the remainder when 125 is divided by 31?
1
What is the remainder when 2596 is divided by 62?
54
What is the remainder when 1558 is divided by 60?
58
What is the remainder when 350 is divided by 59?
55
Calculate the remainder when 25363 is divided by 5.
3
What is the remainder when 971 is divided by 195?
191
Calculate the remainder when 56 is divided by 12.
8
Calculate the remainder when 960 is divided by 74.
72
Calculate the remainder when 18685 is divided by 15.
10
Calculate the remainder when 232 is divided by 18.
16
What is the remainder when 1517 is divided by 40?
37
Calculate the remainder when 374 is divided by 130.
114
What is the remainder when 555 is divided by 200?
155
Calculate the remainder when 947 is divided by 84.
23
Calculate the remainder when 859 is divided by 67.
55
Calculate the remainder when 853 is divided by 10.
3
What is the remainder when 114 is divided by 70?
44
Calculate the remainder when 608 is divided by 21.
20
What is the remainder when 619 is divided by 234?
151
What is the remainder when 710 is divided by 21?
17
Calculate the remainder when 2658 is divided by 20.
18
Calculate the remainder when 462 is divided by 181.
100
What is the remainder when 127 is divided by 65?
62
What is the remainder when 1265 is divided by 47?
43
Calculate the remainder when 3022 is divided by 63.
61
Calculate the remainder when 559 is divided by 16.
15
What is the remainder when 271 is divided by 77?
40
Calculate the remainder when 541 is divided by 80.
61
What is the remainder when 163 is divided by 23?
2
Calculate the remainder when 471 is divided by 216.
39
What is the remainder when 244 is divided by 3?
1
What is the remainder when 3170 is divided by 19?
16
What is the remainder when 445 is divided by 195?
55
Calculate the remainder when 430 is divided by 27.
25
What is the remainder when 95 is divided by 14?
11
Calculate the remainder when 327 is divided by 11.
8
Calculate the remainder when 502 is divided by 72.
70
Calculate the remainder when 2913 is divided by 8.
1
What is the remainder when 94 is divided by 11?
6
What is the remainder when 176 is divided by 82?
12
Calculate the remainder when 303 is divided by 69.
27
Calculate the remainder when 2053 is divided by 342.
1
Calculate the remainder when 2746 is divided by 11.
7
Calculate the remainder when 79 is divided by 79.
0
Calculate the remainder when 228 is divided by 23.
21
What is the remainder when 287 is divided by 62?
39
Calculate the remainder when 2502 is divided by 4.
2
What is the remainder when 2301 is divided by 49?
47
What is the remainder when 272 is divided by 36?
20
Calculate the remainder when 81 is divided by 25.
6
Calculate the remainder when 1207 is divided by 246.
223
Calculate the remainder when 41 is divided by 22.
19
Calculate the remainder when 403 is divided by 27.
25
Calculate the remainder when 33489 is divi